23*b**2 - 12*b - 428. Calculate s(-23).
-152
Let r(a) = a**3 - 26*a**2 + 4494*a - 47622. What is r(11)?
-3
Let u(j) = 14*j**3 + 2546*j**2 - 316*j + 8752. Determine u(-182).
16
Let l(z) = -32*z**3 + 478*z**2 + 561*z - 264. What is l(16)?
8
Let y(k) = 2*k**2 - 225*k + 4969. What is y(30)?
19
Let w(x) = -14*x**2 + 496*x - 4493. Give w(9).
-1163
Let p(c) = 340*c**2 + 25838*c + 25350. What is p(-75)?
0
Let d(z) = 2*z**2 + 145*z - 10974. Give d(46).
-72
Let q(i) = -5*i**3 + 214*i**2 - 47*i + 3873. Give q(43).
3
Let w(x) = -x**3 - 135*x**2 - 3648*x - 2156. Give w(-98).
0
Let i(t) = -t**3 + 82*t**2 - 234*t + 30. What is i(79)?
267
Let z(n) = -5*n**2 - 3089*n + 12371. Calculate z(4).
-65
Let q(i) = -i**2 - 58*i + 6692. Calculate q(-116).
-36
Let b(o) = 2062344*o + 14. Determine b(0).
14
Let l(c) = -12*c**2 - 129*c - 139. What is l(-9)?
50
Let g(r) = -498969*r + 3991777. What is g(8)?
25
Let k(a) = -2394*a - 1704528. What is k(-712)?
0
Let r(i) = 3*i**3 + 833*i**2 - 265*i + 2043. What is r(-278)?
-1571
Let d(k) = 57*k**3 + 291*k**2 + 23*k - 39. Calculate d(-5).
-4
Let s(m) = -40*m**2 + 947*m + 8605. Calculate s(-9).
-3158
Let q(f) = -5*f**2 - 1104*f - 3099. What is q(-218)?
-47
Let a(y) = -y**3 + 1232*y**2 - 11182*y + 214016. Calculate a(1223).
-9
Let i(z) = -131*z**2 + 59910*z - 19643. Calculate i(457).
8
Let r(x) = x**3 + 18*x**2 - 3914*x - 55542. Determine r(-14).
38
Let b(j) = 19390*j + 639875. What is b(-33)?
5
Let o(j) = -j**2 + 3781*j + 56932. Determine o(-15).
-8
Let x(q) = 5718*q - 497447. Determine x(87).
19
Let s(d) = -9358*d - 374053. Give s(-40).
267
Let i(g) = -256*g**2 - 839*g - 100. Calculate i(-3).
113
Let y(o) = o**3 + 17*o**2 - 12*o + 4. What is y(-12)?
868
Let d(r) = -273699*r - 16421963. What is d(-60)?
-23
Let o(u) = -u**3 - 162*u**2 + 3443*u + 836. Give o(-181).
112
Let q(o) = -2*o**2 + 6353*o + 76449. Calculate q(-12).
-75
Let i(d) = 19*d**2 - 885*d - 163. Calculate i(48).
1133
Let m(p) = 333*p + 2448. What is m(-10)?
-882
Let z(h) = -271*h**2 + 317885*h - 2337. Give z(1173).
9
Let r(y) = -76*y**2 - 2771*y - 62. Give r(-36).
1198
Let y(v) = 4443*v - 63010. Give y(15).
3635
Let v(k) = 31*k + 224. Calculate v(-42).
-1078
Let t(g) = -g**2 + 12036*g + 22092183. Determine t(-1618).
11
Let s(b) = -109286*b - 2294950. Calculate s(-21).
56
Let i(h) = h**3 + 811*h**2 - 31375*h + 31. Determine i(37).
68
Let n(r) = -13*r**3 + 61*r**2 - 40*r + 8. What is n(4)?
-8
Let k(g) = 473*g + 226088. What is k(-478)?
-6
Let p(d) = -11*d**3 + 331*d**2 - 19*d + 318. Calculate p(30).
648
Let j(r) = -r**3 - 222*r**2 - 10293*r + 117. What is j(-66)?
-81
Let d(k) = -k**2 + 246*k + 7784. Give d(-29).
-191
Let g(n) = -5*n**3 + 6*n**2 + 63*n - 54. Determine g(12).
-7074
Let w(r) = 11*r**3 + 244*r**2 + 2*r - 611. Calculate w(-22).
313
Let w(n) = -22*n**2 - 91*n + 56. What is w(-6)?
-190
Let m(y) = -3382*y + 37279. Give m(11).
77
Let b(r) = 23*r**2 - 80*r - 699. Determine b(-4).
-11
Let o(d) = -4*d**2 + 31*d - 736. Determine o(25).
-2461
Let l(t) = -t**3 + 8*t**2 - 86*t + 927. Give l(9).
72
Let u(l) = 54303*l - 12543997. Calculate u(231).
-4
Let u(r) = -r**3 - 94*r**2 + 1169*r - 394. Determine u(-105).
-1864
Let a(v) = 246*v**3 + 4178*v**2 - 73*v - 102. Calculate a(-17).
-17
Let y(l) = 41993*l - 755895. Calculate y(18).
-21
Let m(b) = -37*b**2 + 252*b + 414. Give m(8).
62
Let t(c) = -2*c**2 + 16*c + 1247. Determine t(32).
-289
Let y(b) = -1997*b - 153747. Determine y(-77).
22
Let q(f) = -2*f**3 + 111*f**2 - 662*f + 33209. What is q(55)?
-176
Let g(m) = -107199*m + 107219. Calculate g(1).
20
Let u(d) = -4*d**2 + 25*d + 292. What is u(9)?
193
Let b(m) = m**3 + 54*m**2 - 177*m - 681. Give b(-57).
-339
Let i(r) = 3*r**3 + 10*r**2 - 191*r - 122. What is i(8)?
526
Let h(s) = 8*s - 573. Give h(31).
-325
Let r(f) = -f**2 - 201*f - 6942. Calculate r(-142).
1436
Let s(n) = -411*n**2 - 14592*n + 7347. Determine s(-36).
3
Let n(h) = -9320*h**2 + 111860*h - 257. Calculate n(12).
-17
Let y(t) = -t**3 - 24*t**2 + 1692*t - 383. Determine y(-55).
332
Let n(j) = 279355*j + 1955478. What is n(-7)?
-7
Let h(g) = -3*g**2 - 197*g + 232. What is h(-66)?
166
Let t(l) = l**2 + 74201*l + 1038612. Determine t(-14).
-6
Let t(n) = -284565*n - 18496726. Determine t(-65).
-1
Let h(m) = -694*m + 78407. Give h(113).
-15
Let x(t) = -8*t**3 - 47*t**2 + 1821*t + 10874. Determine x(-6).
-16
Let p(l) = -1343*l**2 - 6711*l + 34. Give p(-5).
14
Let q(d) = 131*d**3 + 7*d**2 - 101*d + 186. Determine q(2).
1060
Let z(j) = 136*j + 1200. Determine z(-15).
-840
Let j(s) = 4672*s**2 + 135480*s - 231. Give j(-29).
1
Let y(t) = -3798*t**2 - 8065*t - 935. Give y(-2).
3
Let q(z) = -9*z**2 - 2319*z - 34794. Give q(-16).
6
Let v(q) = 5*q**3 - 738*q**2 - 303*q - 1019. Give v(148).
-2055
Let n(r) = 29*r**2 + 927*r + 2786. Calculate n(-3).
266
Let g(c) = -28*c**2 - 42*c + 133. Calculate g(3).
-245
Let k(j) = 4*j**3 + 51*j**2 + 102*j + 794. Give k(-12).
2
Let s(u) = u**2 + 19191*u + 76747. Give s(-4).
-1
Let d(r) = 2*r**3 - 341*r**2 - 8687*r + 306. What is d(193)?
-80
Let t(g) = -50170*g + 1906419. Calculate t(38).
-41
Let h(d) = -d**2 - 769*d + 28140. Determine h(35).
0
Let c(a) = 495*a + 26228. Calculate c(-53).
-7
Let q(n) = -2*n**3 - 42*n**2 - 157*n - 156. Determine q(-2).
6
Let x(o) = -3*o**2 - 111*o. Determine x(0).
0
Let l(w) = w**3 + 6*w**2 - 62654*w - 375920. What is l(-6)?
4
Let p(r) = -2737*r - 49262. Determine p(-18).
4
Let t(q) = 5*q**3 - 182*q**2 + 643*q - 2729. What is t(33)?
-23
Let x(d) = -2*d**3 + 186*d**2 + 72*d - 6864. What is x(93)?
-168
Let q(f) = f**2 + 9681*f - 447442. Give q(46).
0
Let v(q) = -10*q**2 - 427*q - 2165. Calculate v(-37).
-56
Let n(h) = h**2 + 9*h - 1054. Give n(-35).
-144
Let g(l) = 3*l**3 - 2*l**2 - 25*l + 354. What is g(0)?
354
Let b(f) = 78*f**2 + f - 20. What is b(0)?
-20
Let w(r) = -8553*r + 162500. What is w(19)?
-7
Let l(f) = 124*f**2 - 348*f - 702. Determine l(-2).
490
Let n(g) = 8638*g - 483691. Give n(56).
37
Let x(q) = q**2 + 2964*q + 188420. Give x(-65).
-15
Let z(d) = 12*d**3 + 2*d**2 - 3*d - 517. Determine z(0).
-517
Let w(z) = -z**3 - 347*z**2 + 727*z + 10112. Give w(-349).
-9
Let s(l) = -l**3 - 4*l**2 - 4452*l + 17913. Calculate s(4).
-23
Let g(h) = -h**3 - 303*h**2 + 5771*h - 2238. What is g(-321)?
9
Let n(i) = -668*i**2 + 1053*i - 1053. Calculate n(1).
-668
Let b(n) = -n**3 + 4*n**2 + 125*n - 47. Determine b(0).
-47
Let y(n) = -n**3 - 373*n**2 - 6049*n + 10. Determine y(-17).
-41
Let h(a) = -40008*a - 320060. Determine h(-8).
4
Let t(v) = -71434*v - 2214471. Calculate t(-31).
-17
Let h(m) = 7*m**3 + 7*m**2 - 169*m - 1295. Calculate h(-8).
-3079
Let s(c) = c**2 - 1485*c - 79896. Give s(-52).
28
Let z(n) = -1005*n + 41627. What is z(39)?
2432
Let s(f) = -f**2 + 54976*f - 219894. Give s(4).
-6
Let r(l) = -962*l + 8666. Determine r(9).
8
Let d(l) = -l**2 - 628*l - 19055. What is d(-32)?
17
Let h(r) = -4*r**2 + 3191*r + 808. Give h(798).
10
Let u(d) = -d**3 - 103*d**2 - 270*d - 17209. Calculate u(-102).
-73
Let t(k) = -611*k - 3571. Calculate t(-7).
706
Let s(z) = -7*z**2 - 167*z + 964. Calculate s(-30).
-326
Let m(i) = -28991*i - 261016. Determine m(-9).
-97
Let m(y) = 26*y**2 + 1079*y - 562. What is m(-42)?
-16
Let t(z) = -3*z**3 + 6*z**2 + 11*z - 23. Give t(2).
-1
Let d(g) = -g**3 + 55*g**2 - 25*g + 8334. Calculate d(57).
411
Let k(r) = 13381*r - 628900. Calculate k(47).
7
Let q(f) = -63*f - 1495. Determine q(-44).
1277
Let l(i) = -6237*i - 56149. Determine l(-9).
-16
Let b(y) = -y**2 + 217*y - 7197. Calculate b(48).
915
Let m(j) = j**3 - 44*j**2 + 633*j - 3169. Give m(22).
109
Let y(i) = -i**2 - 42256*i + 2115307. Calculate y(50).
7
Let r(h) = h**3 + 14*h**2 + 41*h + 90. Determine r(-14).
-484
Let g(m) = -21*m**2 + 1698*m - 3770. Give g(78).
910
Let h(g) = -g**3 - 17*g**2 - 128*g - 2339. Calculate h(-16).
-547
Let l(d) = -4*d**2 - 147*d + 455. Give l(-42).
-427
Let m(l) = 2033*l - 26344. Calculate m(13).
85
Let b(t) = -15141*t - 484559. What is b(-32)?
-47
Let n(c) = 2*c**2 + 32*c + 80. Calculate n(-12).
-16
Let s(n) = 25*n**2 - 60*n + 56. Calculate s(1).
21
Let b(o) = -21*o**3 - 2942*o**2 - 281*o - 133. What is b(-140)?
7
Let v(a) = -47*a**3 + 17*a**2 + 63*a + 52. What is v(-2)?
370
Let i(p) = -2*p**2 - 45*p - 96. Calculate i(-28).
-404
Let x(f) = 47*f**2 - 